t g(p) = 1746*p + 12219. What is g(-7)?
-3
Let l(p) = 133*p**2 + 4922*p + 32. Determine l(-37).
-5
Let t(u) = -u**3 + 3*u**2 - 61*u - 65. Determine t(-1).
0
Let u(g) = g**3 + 8*g**2 - 13*g - 82. What is u(-6)?
68
Let f(a) = -110*a - 867. Calculate f(-8).
13
Let w(c) = -2*c**3 - 6*c**2 + 6*c + 12. Give w(-3).
-6
Let u(b) = 3525*b - 63447. Calculate u(18).
3
Let v(g) = g**3 - 21*g**2 - 58*g + 44. Calculate v(23).
-232
Let r(k) = 381*k + 3056. Calculate r(-8).
8
Let b(a) = 42*a - 681. Calculate b(3).
-555
Let v(y) = -258*y - 43. Determine v(1).
-301
Let b(w) = w**2 + 66*w - 951. Calculate b(-77).
-104
Let v(t) = t**3 - 8*t**2 - 56*t + 484. What is v(9)?
61
Let w(z) = 2*z**2 - 30*z + 86. Determine w(12).
14
Let b(m) = 147*m**2 - 878*m - 32. What is b(6)?
-8
Let h(s) = -46*s - 88. Determine h(5).
-318
Let p(j) = 22*j**2 - 5*j - 24. Determine p(-2).
74
Let p(v) = 141*v - 32. What is p(-1)?
-173
Let u(n) = 62*n + 4440. What is u(-77)?
-334
Let m(t) = -88*t**2 + 235*t - 234. Determine m(1).
-87
Let m(r) = -1289*r - 3875. Give m(-3).
-8
Let p(g) = -2*g**2 + 48*g + 101. What is p(26)?
-3
Let k(i) = 838*i - 15023. Give k(18).
61
Let z(u) = 4*u**2 - 244*u - 1046. Give z(65).
-6
Let z(p) = p**2 + 87*p - 961. Calculate z(10).
9
Let g(a) = -180*a**2 + 323*a + 14. What is g(2)?
-60
Let n(m) = -m**3 + 10*m**2 - 78*m + 423. Calculate n(7).
24
Let r(l) = 25*l + 43. Calculate r(5).
168
Let x(q) = 7*q**3 - 80*q**2 + 217*q - 15. Determine x(7).
-15
Let m(r) = -135*r + 92. Determine m(-3).
497
Let q(x) = x**3 - 14*x**2 - 11*x - 36. Determine q(15).
24
Let r(a) = -423*a - 20295. Calculate r(-48).
9
Let t(b) = -38*b - 123. Give t(-3).
-9
Let u(y) = y**3 - 20*y**2 + 65*y + 7. Determine u(4).
11
Let g(s) = -340*s + 2800. Calculate g(9).
-260
Let z(k) = k**2 + 36*k - 617. Calculate z(-49).
20
Let d(s) = -4*s**2 + 151*s + 26. Calculate d(38).
-12
Let o(c) = -9*c + 119. Give o(9).
38
Let v(a) = 7*a**2 - 13*a + 15. Determine v(9).
465
Let k(r) = -2*r**2 - 16*r + 157. Determine k(-16).
-99
Let s(f) = -2*f**2 - 150*f + 5. Give s(0).
5
Let o(v) = -27*v - 34. Determine o(14).
-412
Let x(r) = 2*r**2 + 605*r - 5283. Calculate x(-311).
4
Let j(t) = t**3 + 22*t**2 + 65*t - 38. Give j(-18).
88
Let c(o) = o**3 - 19*o**2 + 73*o - 84. Calculate c(15).
111
Let t(n) = 3*n**2 - 280*n - 223. Determine t(94).
-35
Let u(n) = 2*n**3 - 34*n**2 - 22*n - 258. What is u(18)?
-6
Let b(s) = 2*s**2 + 46*s - 160. Determine b(-27).
56
Let l(j) = j**2 + 68*j + 363. Calculate l(-62).
-9
Let r(p) = -31*p**2 - 19*p - 18. Determine r(-1).
-30
Let b(c) = c**3 + 7*c**2 + 3*c - 18. Calculate b(-4).
18
Let y(r) = 13*r - 364. Determine y(23).
-65
Let f(d) = -d**3 - 5*d**2 + 864*d - 5. Give f(27).
-5
Let q(g) = -3*g + 176. Give q(68).
-28
Let d(r) = -15*r**2 - 19*r - 22. Calculate d(-1).
-18
Let f(h) = -138*h**3 - h**2 + 2. Determine f(-1).
139
Let l(v) = 704*v + 3526. Calculate l(-5).
6
Let i(y) = -124*y + 671. Give i(6).
-73
Let u(o) = -16*o**2 + 573*o + 1. Give u(36).
-107
Let s(z) = 5*z**3 + 42*z**2 - 493*z + 53. Give s(-15).
23
Let x(y) = -68*y - 3. Give x(-3).
201
Let p(l) = l**3 - 25*l**2 + 58*l - 218. Determine p(23).
58
Let u(c) = c**2 - 76*c + 1000. What is u(59)?
-3
Let w(u) = u**2 - 45*u + 277. What is w(35)?
-73
Let q(i) = -2*i**2 + 4506*i + 15. Calculate q(0).
15
Let h(v) = -6*v**2 + 46*v + 205. Give h(-5).
-175
Let l(i) = -260*i**2 - 198*i - 2. What is l(-1)?
-64
Let n(g) = -g**3 - 102*g**2 - 101*g - 140. What is n(-101)?
-140
Let u(n) = 3031*n - 12152. What is u(4)?
-28
Let w(d) = 9*d**3 - 80*d**2 - 83*d - 4. Determine w(-1).
-10
Let d(t) = -3*t**2 - 81*t - 545. What is d(-17)?
-35
Let u(l) = -l**2 + 4*l + 164. Give u(14).
24
Let i(j) = -13*j + 192. Give i(21).
-81
Let d(m) = 815*m + 11408. Give d(-14).
-2
Let s(y) = 47*y - 585. What is s(15)?
120
Let c(z) = 108*z - 86. Determine c(1).
22
Let x(r) = 5*r**2 + 27*r - 102. What is x(3)?
24
Let t(n) = n**2 - 6*n - 345. Calculate t(25).
130
Let r(p) = -6*p**2 - 484*p + 140. What is r(-81)?
-22
Let g(i) = i**2 + 13*i + 81. What is g(-14)?
95
Let u(o) = -10*o + 150. Calculate u(15).
0
Let u(x) = -x**3 - 58*x**2 + 385*x + 1. Give u(-64).
-63
Let i(o) = o**3 + 26*o**2 - 26*o + 28. Determine i(-27).
1
Let n(j) = -48*j - 4436. What is n(-91)?
-68
Let r(l) = -9164*l + 7. Give r(0).
7
Let u(g) = -g**3 + 3*g**2 + g + 4. What is u(3)?
7
Let a(y) = -2*y**3 + 148*y**2 - 168*y + 1593. What is a(73)?
-13
Let y(g) = 22*g - 1391. Calculate y(47).
-357
Let s(a) = 40*a + 395. Give s(-10).
-5
Let c(v) = 3*v**2 + 17*v + 25. Determine c(-5).
15
Let v(b) = 9*b**3 - 5*b**2 - 32*b + 112. What is v(3)?
214
Let z(c) = 16*c**3 - 3*c**2 - 2*c + 23. What is z(-3)?
-430
Let z(y) = -66*y + 9468. Calculate z(143).
30
Let z(i) = -i**3 + 10*i + 44. What is z(-6)?
200
Let m(q) = -1198*q + 17975. Calculate m(15).
5
Let p(k) = 48*k - 692. What is p(14)?
-20
Let y(j) = -8*j**2 - 835*j - 203. Calculate y(-104).
109
Let c(u) = 2635*u + 2625. What is c(-1)?
-10
Let p(n) = 56*n + 1733. Determine p(-31).
-3
Let v(h) = -10*h**3 - 4*h**2 + 2*h + 2. What is v(1)?
-10
Let j(q) = q**2 + 5*q - 13. Give j(-13).
91
Let t(j) = -2*j + 103. Calculate t(-23).
149
Let r(t) = -13*t**2 + 4*t + 9. Calculate r(-5).
-336
Let k(w) = 8*w**2 - 317*w + 606. Calculate k(38).
112
Let a(o) = -2*o**3 - 7*o**2 + 20*o - 44. Give a(-6).
16
Let y(u) = -u**3 - 4*u**2 + 15*u + 23. Give y(-6).
5
Let b(o) = 938*o - 10413. Calculate b(11).
-95
Let t(v) = 268*v - 53072. Determine t(198).
-8
Let v(w) = 3*w**3 - 12*w**2 - 53*w + 92. Calculate v(6).
-10
Let p(j) = -j**3 - 26*j**2 - 86*j + 27. Determine p(-22).
-17
Let d(h) = -h**3 + 35*h**2 + 113*h + 182. Give d(38).
144
Let v(c) = -174*c - 168. Give v(-1).
6
Let o(y) = y**3 + y**2 + y + 108. Calculate o(0).
108
Let a(n) = 12*n**2 - 144*n - 28. What is a(12)?
-28
Let g(o) = o**3 + 21*o**2 - 48*o - 59. Determine g(-23).
-13
Let p(z) = -z**2 + 59*z - 822. Determine p(23).
6
Let w(h) = h**3 + 9*h**2 - 355*h + 85. What is w(-24)?
-35
Let f(t) = 71*t - 164. Give f(6).
262
Let w(n) = -2*n**3 + 3*n**2 + 4*n - 25. Calculate w(-6).
491
Let w(x) = -1938*x - 1. What is w(0)?
-1
Let n(g) = -1541*g - 29273. Calculate n(-19).
6
Let m(q) = -608*q + 4188. Determine m(7).
-68
Let z(a) = -320*a - 515. Give z(-2).
125
Let z(l) = 7*l**2 + 3*l - 100. What is z(0)?
-100
Let y(t) = -4*t**2 - 245*t - 1513. Calculate y(-7).
6
Let k(l) = -220*l + 1942. Determine k(9).
-38
Let b(l) = -7*l**2 - 100*l - 51. Calculate b(-19).
-678
Let n(l) = 4*l + 65. Determine n(-8).
33
Let m(a) = -7329*a - 7319. Calculate m(-1).
10
Let m(w) = w**3 - 11*w**2 - 65*w + 66. Give m(15).
-9
Let a(j) = j**2 + 221*j + 2712. Give a(-13).
8
Let u(h) = 4*h**2 - 147*h - 51. Determine u(37).
-14
Let o(h) = -14*h + 332. What is o(24)?
-4
Let t(y) = -y**2 + 55*y + 1875. Determine t(-25).
-125
Let i(s) = 2*s**2 + 41*s + 154. What is i(-27)?
505
Let o(l) = 19*l + 782. What is o(-48)?
-130
Let h(u) = 41*u**2 - 118*u + 2. Calculate h(3).
17
Let v(m) = 6*m**3 + 67*m**2 - 35*m - 32. Give v(1).
6
Let a(p) = -p**3 + 38*p**2 - 138*p + 3718. Give a(37).
-19
Let z(y) = -2*y**3 - y**2 + 320*y - 66. What is z(-13)?
-1
Let m(v) = v**2 + 47*v - 6228. Determine m(-106).
26
Let n(o) = -3*o**2 + 44*o + 4. Calculate n(16).
-60
Let m(u) = -3*u**3 + 307*u**2 + 197*u + 919. Calculate m(103).
-8
Let z(t) = 5*t**2 + 11*t + 136. Give z(-6).
250
Let a(q) = -3*q**2 + 238*q - 1318. What is a(6)?
2
Let t(o) = -83*o + 1. What is t(1)?
-82
Let z(f) = 79*f + 6954. Determine z(-88).
2
Let h(j) = j**3 - 13*j**2 - 5*j + 14. Determine h(7).
-315
Let h(d) = -d**2 + 114*d - 434. Calculate h(4).
6
Let i(n) = -13*n**2 - 1667*n - 2033. What is i(-127)?
-1
Let j(f) = -1429*f - 1432. Give j(-1).
-3
Let a(k) = -28*k + 546. What is a(6)?
378
Let a(p) = -64*p + 1385. Calculate a(20).
105
Let k(r) = 3*r**3 + 2*r**2 - 6*r - 6. Determine k(2).
14
Let c(s) = 3*s**2 + 8*s - 12. Determine c(-7).
79
Let w(q) = -q**3 - 41*q**2 - 52*q + 114. Calculate w(-40).
594
Let y(n) = n**2 - 8*n - 247. Give y(0).
-247
Let k(u) = 2*u**2 - 8*u + 12. Determine k(4).
12
Let o(w) = 2*w**2 - 172*w + 2545. What is o(19)?
-1
Let i(b) = b**2 + 9*b - 8. What is i(7)?
104
Let s(m) = 68*m**2 + 5918*m + 176. Determine s(-87).
2
Let f(a) = -3*a**3 + 129*a**2 + 131*a + 24. Determine f(44).
-20
Let p(v) = 54*v - 585